the remainder when 302 is divided by k.
36
Let o = 232 + -211. Calculate the remainder when 81 is divided by o.
18
What is the remainder when 71 is divided by 4/8 - (-1 + (-791)/14)?
13
Let v(n) = -n**3 + 6*n**2 - 8*n + 4. Let u be v(5). Calculate the remainder when 1/u*-581 - 50/(-275) is divided by 7.
4
Let n = 142 - 88. Suppose 0*q = -2*q + n. Let s(w) = w**3 - 3*w**2 + 2*w. What is the remainder when q is divided by s(3)?
3
Let h(r) = 425*r - 1. Let m be -2 + (0 - -5) + -1. Let n be h(m). Calculate the remainder when 2/(-12) - n/(-18) is divided by 16.
15
Suppose -323 + 3587 = 51*b. What is the remainder when 1471 is divided by b?
63
Suppose 0 = 20*r - 24*r + 16, -730 = -5*c - 5*r. What is the remainder when c is divided by 38?
28
Suppose 2*v - 3*v + 21 = 0. What is the remainder when 3/24 - 4792/(-64) - -6 is divided by v?
18
Suppose -7*c = -114 - 131. Calculate the remainder when c is divided by 31.
4
Suppose m - a - 16 = -3*a, 4*a - 56 = -5*m. Let c = 12 - m. Suppose -b = -4*u + 6 + 26, 3*u - c*b - 11 = 0. Calculate the remainder when 17 is divided by u.
8
Let k(r) = 5*r - 13. Suppose 0 = -f - 5*m + m - 12, 4 = -m. Calculate the remainder when 27 is divided by k(f).
6
Let v(b) = -83*b - 771. What is the remainder when v(-16) is divided by 17?
13
Calculate the remainder when 70 is divided by (16/4)/(6/69).
24
Let n = 1519 + -1377. Calculate the remainder when 165 is divided by n.
23
Let v = 27 + 41. Let y(j) = j**3 + 10*j**2 + 13*j. Calculate the remainder when v is divided by y(-8).
20
Let j(d) = 32*d + 355. Suppose 0 = -r - 0*r + 10. What is the remainder when r is divided by j(-11)?
1
Let d = -53 + 101. Let i = 31 - 24. Suppose -i*l = 2*l - 153. What is the remainder when d is divided by l?
14
Let j(w) = 3*w - 8. Let s be j(3). What is the remainder when 76 is divided by (-117)/(-6) - s/(-2)?
16
Let j(y) = 48*y + 47*y + 33 - 97*y. What is the remainder when j(6) is divided by 12?
9
Suppose 4*t - g = 105, -3*t + g + 82 = -3*g. What is the remainder when 74 is divided by t?
22
Suppose -3*k = -5*m - 84, 6*k - 81 = 4*k - 5*m. Calculate the remainder when 87 is divided by k.
21
Suppose -231*b = -278*b + 2444. Calculate the remainder when 1296 is divided by b.
48
Suppose -21 = -5*c + 4. What is the remainder when (100/28 - c)*-161 is divided by 33?
32
What is the remainder when 321 is divided by (99/(-27) + 3)*-2*66?
57
Let n be 28/24*33*2. Suppose -4*z + 5*w + n = 0, 0 = 4*z - 3*w - 84 + 9. What is the remainder when 106 is divided by z?
16
Suppose -33 + 57 = 2*z. What is the remainder when 69 is divided by z?
9
Let f(v) = -v**2 - v + 1. Let l be f(-2). Let y be 41*l + (4 - 7). Let n = -27 - y. Calculate the remainder when 31 is divided by n.
14
Let g = 111 + -108. Suppose -g = 7*h - 24. Suppose -1 = 2*j - 7. Calculate the remainder when h is divided by j.
0
Suppose -2*s = 2*d - 364, 22 - 13 = -3*s. Calculate the remainder when d is divided by 64.
57
Let g(i) = -i**2 - 22*i - 43. Calculate the remainder when g(-8) is divided by 18.
15
Suppose 0 = -3*u - 0*u + 15. Let g = 39 - 50. Let z(x) = x**2 + 12*x + 18. What is the remainder when z(g) is divided by u?
2
Let a(b) = -b**2 - 10*b - 18. Suppose 0 = -4*u + 3*u + 15. Calculate the remainder when u is divided by a(-3).
0
Let l(i) = i**3 + 6*i**2 - 3*i + 4. Let t(m) = -17*m - 20. Let y be t(-7). Let d = -12 + y. What is the remainder when d is divided by l(-6)?
21
Let v be (-3 - -2) + 4 - -1. Let u be 72/20*(-220)/(-6). Suppose v*s + 2*s = u. Calculate the remainder when 43 is divided by s.
21
What is the remainder when ((-33)/9)/(-2 - (-318)/162) is divided by 25?
24
Calculate the remainder when 61 is divided by 2/12 + 174/36 + -2.
1
Suppose 0 = -n - 4*u, -4*u = -4*n + 3*n. Suppose n = -4*i + 6*i. Suppose 25 = 4*b + 3*y + 2, -b + 5*y = i. Calculate the remainder when 18 is divided by b.
3
Let i(r) = 238*r - 17. What is the remainder when i(2) is divided by 66?
63
Suppose 6*d - 5*d = 987. Suppose d = 6*s + s. What is the remainder when s is divided by 36?
33
Let s(t) = 3*t**2 - 4*t - 1. What is the remainder when s(4) is divided by -11*(-1 - 0/(-1))?
9
Let j = 3 + 1. Suppose 4*t - j*v - 43 = v, 4*t + 4*v - 88 = 0. What is the remainder when 82 is divided by t?
14
Let v(n) = n**3 + 12*n**2 - 2*n + 18. Let d(k) = k**3 + 13*k**2 - k + 19. Let o(j) = 3*d(j) - 2*v(j). What is the remainder when 11 is divided by o(-15)?
5
Let x(d) be the first derivative of -d**4/4 + 2*d**3 + 3*d**2/2 - 6*d - 11. Calculate the remainder when 34 is divided by x(6).
10
Let n(f) = -f**2 + 11*f + 15. Let o = -45 - -57. Calculate the remainder when 8 is divided by n(o).
2
Let y be -3*2*(-6)/24*-6. Let n = 25 + y. What is the remainder when 45 is divided by n?
13
Suppose -3*p - 15 = 0, -5*o = 2*p - 220 - 90. What is the remainder when 229 is divided by o?
37
Suppose -4*m = 0, -2*h + 5*m + 54 = m. Let x = h - 5. Calculate the remainder when x is divided by (3 - -6)*4/6.
4
Let l(a) = -29*a + 2. What is the remainder when l(-6) is divided by (-2 - 1)*(27/45 + 234/(-15))?
41
Let x(y) = 2*y**2 + 3 + 0*y + 0*y**2 + 8*y. Suppose -3*g = -5*a - 7, 0*a = -g + 2*a + 4. Calculate the remainder when x(g) is divided by 15.
12
Suppose 80 = t + d, 5*d - 352 = -4*t + 9*d. Calculate the remainder when 1172 is divided by t.
80
Let q(z) be the third derivative of -1/12*z**4 + 0 + 1/30*z**5 + 0*z - z**2 + 1/6*z**6 + 1/6*z**3. Calculate the remainder when 60 is divided by q(1).
18
Let d = -361 + 396. Calculate the remainder when 102 is divided by d.
32
Let a be (-135)/18*(-2)/1. Suppose -a*i = -625 + 100. Suppose 0 = z - 62 - 42. Calculate the remainder when z is divided by i.
34
Suppose n - t = 0, t - 4 = -4*n + 1. Suppose -2 = -s + n. Suppose 4*m = -3*i + 14, i - m + 8 = 4*m. What is the remainder when s is divided by i?
1
Let i be (-6)/(-12) - (-1)/(-2). Suppose -3*g + 0*w = 2*w - 67, i = -4*g - 3*w + 91. Calculate the remainder when 74 is divided by g.
17
Suppose 4*w - 4 - 8 = 0. Suppose -2*v = 121 - 41. Let r = v - -54. What is the remainder when r is divided by w?
2
Calculate the remainder when 3 - 6 - -56 - (12 - 14) is divided by 34.
21
Suppose 0 = b - 0*b - 22. Let a = 1 - 0. Calculate the remainder when b is divided by a*9 + 18/6.
10
Let d = 48 - 29. Let u(s) = s**3 + 13*s**2 - 4*s + 22. Let f be 3 - ((17 - 5) + 4). Calculate the remainder when u(f) is divided by d.
17
Let p = 499 + -463. Suppose -873 = -5*q + 4*s - s, 5*s = 20. Calculate the remainder when q is divided by p.
33
Let d = 249 + -223. Calculate the remainder when d is divided by 9.
8
Let x = 280 - 259. What is the remainder when 300 is divided by x?
6
Let z(a) be the third derivative of a**4/8 - 13*a**3/6 - 5*a**2. What is the remainder when z(18) is divided by 15?
11
Let x = -17 + 25. Let c(i) = -i + 1. Let r(u) = -17*u + 22. Let d(v) = 5*c(v) - r(v). Calculate the remainder when d(4) is divided by x.
7
Suppose 16*q + 72 = 8*q. Let v(n) = -n**2 - 11*n - 9. What is the remainder when 12 is divided by v(q)?
3
Let z(r) = -28*r. What is the remainder when z(-2) is divided by (-19)/(855/(-825)) - 4/(-6)?
18
Let j be (-4)/(-3 - -7) + 5. Suppose 0 = -n - n + j. Suppose -l - n*l + b = -145, 4*b = -l + 57. What is the remainder when l is divided by 10?
9
Calculate the remainder when 369 is divided by (15/(-315)*7)/((-1)/75).
19
Suppose c + 88 = 6*c + 3*z, 0 = 2*c + z - 36. What is the remainder when 636 is divided by c?
16
Suppose -4 = -2*g + 6, 5*g - 33 = 4*y. What is the remainder when 67 is divided by (1 + 24)*(1 + y - -2)?
17
Let d be (2/4)/(6/(-12)). Let f(y) = -6*y**2 + 1 - 16*y**3 + 3*y**2 + y**2. What is the remainder when 59 is divided by f(d)?
14
Let k be ((-8)/16)/(2/(-56)). Suppose -d - 2 = s, -k - 2 = -4*s + 4*d. Let y = s + 9. Calculate the remainder when 29 is divided by y.
9
Suppose -2*y - y + 24 = 3*a, -4*a = -3*y - 18. Suppose -a*d = 3*l - 2*d - 21, -9 = 2*l - 5*d. What is the remainder when l is divided by 16/(-36) - 589/(-171)?
0
Let q(v) = v**2 - 7*v - 9. Let g = 17 - 36. Let a = -7 - g. Calculate the remainder when q(a) is divided by 13.
12
Let k(d) = 6 + 12*d - 3*d**2 + 6*d**2 + 11*d - 6*d. Let j(y) = y**3 + 8*y**2 - y + 4. What is the remainder when k(-7) is divided by j(-8)?
10
Suppose 5*x - n = 68, 15*n = x + 11*n - 25. What is the remainder when